{"id":71,"date":"2021-03-16T20:35:16","date_gmt":"2021-03-16T19:35:16","guid":{"rendered":"http:\/\/annelaurelebas-reflexologue.fr\/?page_id=71"},"modified":"2023-02-20T11:55:48","modified_gmt":"2023-02-20T10:55:48","slug":"reflexologie-plantaire-approche-tarif-historique","status":"publish","type":"page","link":"https:\/\/annelaurelebas-reflexologue.fr\/index.php\/reflexologie-plantaire-approche-tarif-historique\/","title":{"rendered":"R\u00e9flexologie Plantaire"},"content":{"rendered":"\n<h2 class=\"wp-block-heading\"><strong>Mon approche  de la r\u00e9flexologie plantaire selon l&rsquo;\u00e9nerg\u00e9tique chinoise en 4 \u00e9tapes, pour soulager stress et douleur :<\/strong><\/h2>\n\n\n\n<p><strong>L\u2019ensemble des 3 premi\u00e8res \u00e9tapes se d\u00e9roule sur une temporalit\u00e9 de 3 mois.<\/strong><\/p>\n\n\n\n<h3 class=\"wp-block-heading\"><strong>1 &#8211; Mise en place de l\u2019accompagnement :&nbsp;<\/strong><\/h3>\n\n\n\n<p>La premi\u00e8re s\u00e9ance d\u00e9bute par un entretien dont l\u2019objectif est de rep\u00e9rer l\u2019origine \u00e9nerg\u00e9tique de votre d\u00e9s\u00e9quilibre et de d\u00e9finir une s\u00e9ance r\u00e9pondant \u00e0 vos besoins.<\/p>\n\n\n\n<p> <em>(Attention, la r\u00e9flexologie ne se substitue pas \u00e0 une consultation m\u00e9dicale. En aucun cas je ne pose de diagnostic.)<\/em><\/p>\n\n\n\n<p>Puis nous passons \u00e0 la s\u00e9ance de r\u00e9flexologie qui me permettra de valider ce que nous avons mis en lumi\u00e8re lors de l\u2019entretien.<\/p>\n\n\n\n<div style=\"height:7px\" aria-hidden=\"true\" class=\"wp-block-spacer\"><\/div>\n\n\n\n<h3 class=\"wp-block-heading\"><strong>2 &#8211; Un accompagnement adapt\u00e9 \u00e0 vos besoin :&nbsp;<\/strong><\/h3>\n\n\n\n<p>L\u2019\u00e9tape 2 d\u00e9bute une semaine apr\u00e8s le premier rendez-vous.&nbsp;<\/p>\n\n\n\n<p>Les quatre s\u00e9ances suivantes auront pour objectif de travailler sur l\u2019origine et les manifestations de vos troubles afin de vous soulager. Je continue d\u2019adapter chaque s\u00e9ance \u00e0 vos ressentis. <strong>Chaque s\u00e9ance est unique.<\/strong><\/p>\n\n\n\n<p>Les s\u00e9ances pourront \u00eatre espac\u00e9es de 1 \u00e0 3 semaines en fonction des r\u00e9sultats. <strong>Les s\u00e9ances vous sont adapt\u00e9es et la temporalit\u00e9 \u00e9galement, afin de respecter votre organisme.<\/strong><\/p>\n\n\n\n<div style=\"height:6px\" aria-hidden=\"true\" class=\"wp-block-spacer\"><\/div>\n\n\n\n<h3 class=\"wp-block-heading\"><strong>3 &#8211; Le \u201cbilan \u00e9nerg\u00e9tique\u201d :&nbsp;<\/strong><\/h3>\n\n\n\n<p>A l&rsquo;issue des 5 s\u00e9ances. Je r\u00e9alise un \u00ab\u00a0bilan \u00e9nerg\u00e9tique\u00a0\u00bb (exclusivement en r\u00e9flexologie plantaire).&nbsp; Il se r\u00e9alise en deux s\u00e9ances d\u20191 heure. <\/p>\n\n\n\n<p><\/p>\n\n\n\n<h3 class=\"wp-block-heading\"><strong>4- Le suivi tout au long de l\u2019ann\u00e9e :&nbsp;<\/strong><\/h3>\n\n\n\n<p>A l\u2019issue de ses 7 s\u00e9ances, il est n\u00e9cessaire de revenir au minimum deux fois par an, \u00e0 l\u2019automne et au printemps.&nbsp;<\/p>\n\n\n\n<div style=\"height:27px\" aria-hidden=\"true\" class=\"wp-block-spacer\"><\/div>\n\n\n\n<div class=\"wp-block-columns is-layout-flex wp-container-core-columns-is-layout-9d6595d7 wp-block-columns-is-layout-flex\">\n<div class=\"wp-block-column is-layout-flow wp-block-column-is-layout-flow\">\n<h2 class=\"has-text-align-center wp-block-heading\">Tarifs<\/h2>\n\n\n\n<p class=\"has-text-align-center\"><\/p>\n\n\n\n<div style=\"height:24px\" aria-hidden=\"true\" class=\"wp-block-spacer\"><\/div>\n\n\n\n<p class=\"has-text-align-center\"><\/p>\n\n\n\n<div class=\"wp-block-columns alignwide is-layout-flex wp-container-core-columns-is-layout-9d6595d7 wp-block-columns-is-layout-flex\">\n<div class=\"wp-block-column has-text-color has-background has-link-color wp-elements-eb7ec23ee270696c41a6715f62084cfa is-layout-flow wp-block-column-is-layout-flow\" style=\"color:#000000;background-color:#017679;padding-top:2em;padding-right:2em;padding-bottom:2em;padding-left:2em\">\n<h2 class=\"wp-block-heading\" id=\"single\" style=\"font-size:40px\">S\u00e9ance<strong> \u00e0 l&rsquo;unit<\/strong>\u00e9<\/h2>\n\n\n\n<div style=\"height:35px\" aria-hidden=\"true\" class=\"wp-block-spacer\"><\/div>\n\n\n\n<div style=\"height:47px\" aria-hidden=\"true\" class=\"wp-block-spacer\"><\/div>\n\n\n\n<figure class=\"wp-block-image size-large\"><img loading=\"lazy\" decoding=\"async\" width=\"1024\" height=\"683\" src=\"https:\/\/annelaurelebas-reflexologue.fr\/wp-content\/uploads\/2021\/02\/physiotherapy-2133286_1920-1024x683.jpg\" alt=\"r\u00e9flexologie plantaire \/ d\u00e9tente \/relaxation\" class=\"wp-image-37\" srcset=\"https:\/\/annelaurelebas-reflexologue.fr\/wp-content\/uploads\/2021\/02\/physiotherapy-2133286_1920-1024x683.jpg 1024w, https:\/\/annelaurelebas-reflexologue.fr\/wp-content\/uploads\/2021\/02\/physiotherapy-2133286_1920-300x200.jpg 300w, https:\/\/annelaurelebas-reflexologue.fr\/wp-content\/uploads\/2021\/02\/physiotherapy-2133286_1920-768x512.jpg 768w, https:\/\/annelaurelebas-reflexologue.fr\/wp-content\/uploads\/2021\/02\/physiotherapy-2133286_1920-1536x1024.jpg 1536w, https:\/\/annelaurelebas-reflexologue.fr\/wp-content\/uploads\/2021\/02\/physiotherapy-2133286_1920-930x620.jpg 930w, https:\/\/annelaurelebas-reflexologue.fr\/wp-content\/uploads\/2021\/02\/physiotherapy-2133286_1920.jpg 1920w\" sizes=\"auto, (max-width: 1024px) 100vw, 1024px\" \/><\/figure>\n\n\n\n<hr class=\"wp-block-separator has-text-color has-css-opacity has-background is-style-wide\" style=\"background-color:#000000;color:#000000\"\/>\n\n\n\n<p>S\u00e9ance de 60 minutes.<\/p>\n\n\n\n<div style=\"height:80px\" aria-hidden=\"true\" class=\"wp-block-spacer\"><\/div>\n\n\n\n<p><\/p>\n\n\n\n<div class=\"wp-block-buttons alignfull is-horizontal is-content-justification-center is-layout-flex wp-container-core-buttons-is-layout-499968f5 wp-block-buttons-is-layout-flex\">\n<div class=\"wp-block-button has-custom-width wp-block-button__width-100\"><a class=\"wp-block-button__link has-white-color has-text-color has-background no-border-radius wp-element-button\" href=\"https:\/\/annelaurelebas-reflexologue.fr\/index.php\/contact\/\" style=\"background-color:#000000\">55\u20ac<\/a><\/div>\n<\/div>\n<\/div>\n\n\n\n<div class=\"wp-block-column has-text-color has-background has-link-color wp-elements-72cb0cc93b4eb91cf3d8d4be314969b3 is-layout-flow wp-block-column-is-layout-flow\" style=\"color:#000000;background-color:#e3997e;padding-top:2em;padding-right:2em;padding-bottom:2em;padding-left:2em\">\n<h2 class=\"wp-block-heading\" id=\"family\" style=\"font-size:40px\">Forfait <\/h2>\n\n\n\n<h2 class=\"wp-block-heading\" id=\"family\" style=\"font-size:40px\">Anti-stress<\/h2>\n\n\n\n<figure class=\"wp-block-image size-full\"><img loading=\"lazy\" decoding=\"async\" width=\"940\" height=\"788\" src=\"https:\/\/annelaurelebas-reflexologue.fr\/wp-content\/uploads\/2022\/12\/stress-photo.png\" alt=\"stress \/ anxiet\u00e9\" class=\"wp-image-601\" srcset=\"https:\/\/annelaurelebas-reflexologue.fr\/wp-content\/uploads\/2022\/12\/stress-photo.png 940w, https:\/\/annelaurelebas-reflexologue.fr\/wp-content\/uploads\/2022\/12\/stress-photo-300x251.png 300w, https:\/\/annelaurelebas-reflexologue.fr\/wp-content\/uploads\/2022\/12\/stress-photo-768x644.png 768w, https:\/\/annelaurelebas-reflexologue.fr\/wp-content\/uploads\/2022\/12\/stress-photo-72x60.png 72w\" sizes=\"auto, (max-width: 940px) 100vw, 940px\" \/><\/figure>\n\n\n\n<hr class=\"wp-block-separator has-css-opacity is-style-wide\"\/>\n\n\n\n<ul class=\"wp-block-list\">\n<li>5 s\u00e9ances de r\u00e9flexologie plantaire selon l&rsquo;\u00e9nerg\u00e9tique chinoise.<\/li>\n\n\n\n<li>le forfait comprend l&rsquo;\u00e9tape 1 et 2.<\/li>\n<\/ul>\n\n\n\n<div class=\"wp-block-buttons alignfull is-horizontal is-content-justification-center is-layout-flex wp-container-core-buttons-is-layout-499968f5 wp-block-buttons-is-layout-flex\">\n<div class=\"wp-block-button has-custom-width wp-block-button__width-100 is-style-fill\"><a class=\"wp-block-button__link has-white-color has-text-color has-background no-border-radius wp-element-button\" href=\"https:\/\/annelaurelebas-reflexologue.fr\/index.php\/contact\/\" style=\"background-color:#000000\">250\u20ac<\/a><\/div>\n<\/div>\n<\/div>\n\n\n\n<div class=\"wp-block-column has-text-color has-background has-link-color wp-elements-9784e5cb874f14c27996f5b7abc1b579 is-layout-flow wp-block-column-is-layout-flow\" style=\"color:#000000;background-color:#bed3c3;padding-top:2em;padding-right:2em;padding-bottom:2em;padding-left:2em\">\n<h2 class=\"wp-block-heading\" id=\"patron\" style=\"font-size:40px\">Forfait <\/h2>\n\n\n\n<h2 class=\"wp-block-heading\" id=\"patron\" style=\"font-size:40px\">Anti-douleurs<\/h2>\n\n\n\n<figure class=\"wp-block-image size-full\"><img loading=\"lazy\" decoding=\"async\" width=\"940\" height=\"788\" src=\"https:\/\/annelaurelebas-reflexologue.fr\/wp-content\/uploads\/2022\/12\/douleur-photo.png\" alt=\"mal de dos \/ lombalgie\" class=\"wp-image-600\" srcset=\"https:\/\/annelaurelebas-reflexologue.fr\/wp-content\/uploads\/2022\/12\/douleur-photo.png 940w, https:\/\/annelaurelebas-reflexologue.fr\/wp-content\/uploads\/2022\/12\/douleur-photo-300x251.png 300w, https:\/\/annelaurelebas-reflexologue.fr\/wp-content\/uploads\/2022\/12\/douleur-photo-768x644.png 768w, https:\/\/annelaurelebas-reflexologue.fr\/wp-content\/uploads\/2022\/12\/douleur-photo-72x60.png 72w\" sizes=\"auto, (max-width: 940px) 100vw, 940px\" \/><\/figure>\n\n\n\n<hr class=\"wp-block-separator has-css-opacity is-style-wide\"\/>\n\n\n\n<ul class=\"wp-block-list\">\n<li>5 s\u00e9ances de r\u00e9flexologie plantaire selon l&rsquo;\u00e9nerg\u00e9tique chinoise.<\/li>\n\n\n\n<li>Le forfait comprend l&rsquo;\u00e9tape 1 et 2.<\/li>\n<\/ul>\n\n\n\n<div class=\"wp-block-buttons alignfull is-horizontal is-content-justification-center is-layout-flex wp-container-core-buttons-is-layout-499968f5 wp-block-buttons-is-layout-flex\">\n<div class=\"wp-block-button has-custom-width wp-block-button__width-100\"><a class=\"wp-block-button__link has-white-color has-text-color has-background no-border-radius wp-element-button\" href=\"https:\/\/annelaurelebas-reflexologue.fr\/index.php\/contact\/\" style=\"background-color:#000000\">250\u20ac<\/a><\/div>\n<\/div>\n<\/div>\n<\/div>\n<\/div>\n<\/div>\n\n\n\n<div style=\"height:100px\" aria-hidden=\"true\" class=\"wp-block-spacer\"><\/div>\n\n\n\n<h2 class=\"has-text-align-center wp-block-heading\">T\u00e9moignages<\/h2>\n\n\n\n\n\n<div style=\"height:100px\" aria-hidden=\"true\" class=\"wp-block-spacer\"><\/div>\n\n\n\n<p>Pour prendre un rendez-vous, <a href=\"https:\/\/annelaurelebas-reflexologue.fr\/index.php\/contact\/\">cliquez ici<\/a>.<\/p>\n\n\n\n<div class=\"wp-block-buttons is-content-justification-center is-layout-flex wp-container-core-buttons-is-layout-16018d1d wp-block-buttons-is-layout-flex\">\n<div class=\"wp-block-button is-style-fill\"><a class=\"wp-block-button__link has-black-color has-text-color has-background wp-element-button\" href=\"https:\/\/annelaurelebas-reflexologue.fr\/index.php\/contact\/\" style=\"background-color:#88c7bc\">PRENDRE RENDEZ-VOUS<\/a><\/div>\n<\/div>\n\n\n\n<div style=\"height:100px\" aria-hidden=\"true\" class=\"wp-block-spacer\"><\/div>\n\n\n\n<hr class=\"wp-block-separator has-css-opacity\"\/>\n\n\n\n<h2 class=\"has-text-align-left wp-block-heading\">Historique de la pratique en r\u00e9flexologie plantaire :<\/h2>\n\n\n\n<div class=\"wp-block-media-text alignwide is-stacked-on-mobile\"><figure class=\"wp-block-media-text__media\"><img loading=\"lazy\" decoding=\"async\" width=\"300\" height=\"156\" src=\"https:\/\/annelaurelebas-reflexologue.fr\/wp-content\/uploads\/2022\/12\/PAPYRUS-2-300x156-1.jpg\" alt=\"papyrus r\u00e9flexologie\" class=\"wp-image-589 size-full\" srcset=\"https:\/\/annelaurelebas-reflexologue.fr\/wp-content\/uploads\/2022\/12\/PAPYRUS-2-300x156-1.jpg 300w, https:\/\/annelaurelebas-reflexologue.fr\/wp-content\/uploads\/2022\/12\/PAPYRUS-2-300x156-1-115x60.jpg 115w\" sizes=\"auto, (max-width: 300px) 100vw, 300px\" \/><\/figure><div class=\"wp-block-media-text__content\">\n<p>La r\u00e9flexologie plantaire est une technique manuelle de bien \u00eatre . Elle favorise la d\u00e9tente et la relaxation profonde.<\/p>\n\n\n\n<p>Le praticien travaille en reptation avec le pouce ou l\u2019index afin de stimuler les diff\u00e9rentes zones r\u00e9flexes du pied. Les pressions exerc\u00e9es par la reptation vont stimuler le syst\u00e8mes nerveux qui enverra les informations vers les organes concern\u00e9s.<\/p>\n\n\n\n<p><\/p>\n<\/div><\/div>\n\n\n\n<p> Eunice Ingham (physioth\u00e9rapeute \u00e0 l\u2019h\u00f4pital de St Petersburg \u00e0 Tampa en Floride) a mis en place, dans les ann\u00e9es 1930, une cartographie des pieds. Celle-ci met en correspondance les zones du pied avec chaque organe du corps humain. <\/p>\n\n\n\n<p>Mais la r\u00e9flexologie est beaucoup plus ancienne puisque l\u2019on a retrouv\u00e9 des traces en Chine dans un documents datant de 2700 ans avant J-C. En Inde mais aussi en Egypte ancienne. Dans la tombe du m\u00e9decin Ankmahor, un pictogramme datant de 2500 \u2013 2300 ans avant J.C. On peut y voir deux personnages recevant un soin en plantaire et un soin en palmaire. Il est \u00e9crit \u00ab&nbsp;Ne me fait pas mal&nbsp;\u00bb ce \u00e0 quoi le praticien r\u00e9pond \u00ab&nbsp;Je ferais en sorte que tu me remercies&nbsp;\u00bb.<\/p>\n\n\n\n<p>\u200b<\/p>\n\n\n<div class=\"wp-block-image\">\n<figure class=\"aligncenter size-full\"><a href=\"https:\/\/federation-reflexologie.fr\/\" target=\"_blank\" rel=\"noreferrer noopener\"><img loading=\"lazy\" decoding=\"async\" width=\"300\" height=\"119\" src=\"https:\/\/annelaurelebas-reflexologue.fr\/wp-content\/uploads\/2022\/12\/Nouveau-logo-firma-1.png\" alt=\"Information praticienne adh\u00e9rente FIRMA\" class=\"wp-image-540\" srcset=\"https:\/\/annelaurelebas-reflexologue.fr\/wp-content\/uploads\/2022\/12\/Nouveau-logo-firma-1.png 300w, https:\/\/annelaurelebas-reflexologue.fr\/wp-content\/uploads\/2022\/12\/Nouveau-logo-firma-1-151x60.png 151w\" sizes=\"auto, (max-width: 300px) 100vw, 300px\" \/><\/a><figcaption class=\"wp-element-caption\">F\u00e9d\u00e9ration internationale dde r\u00e9flexologie<\/figcaption><\/figure>\n<\/div>\n\n\n<p><\/p>\n","protected":false},"excerpt":{"rendered":"<p>Mon approche de la r\u00e9flexologie plantaire selon l&rsquo;\u00e9nerg\u00e9tique chinoise en 4 \u00e9tapes, pour soulager stress et douleur : L\u2019ensemble des 3 premi\u00e8res \u00e9tapes se d\u00e9roule sur une temporalit\u00e9 de 3 &hellip; <\/p>\n","protected":false},"author":2,"featured_media":0,"parent":0,"menu_order":3,"comment_status":"closed","ping_status":"closed","template":"","meta":{"footnotes":""},"class_list":["post-71","page","type-page","status-publish","hentry"],"_links":{"self":[{"href":"https:\/\/annelaurelebas-reflexologue.fr\/index.php\/wp-json\/wp\/v2\/pages\/71","targetHints":{"allow":["GET"]}}],"collection":[{"href":"https:\/\/annelaurelebas-reflexologue.fr\/index.php\/wp-json\/wp\/v2\/pages"}],"about":[{"href":"https:\/\/annelaurelebas-reflexologue.fr\/index.php\/wp-json\/wp\/v2\/types\/page"}],"author":[{"embeddable":true,"href":"https:\/\/annelaurelebas-reflexologue.fr\/index.php\/wp-json\/wp\/v2\/users\/2"}],"replies":[{"embeddable":true,"href":"https:\/\/annelaurelebas-reflexologue.fr\/index.php\/wp-json\/wp\/v2\/comments?post=71"}],"version-history":[{"count":31,"href":"https:\/\/annelaurelebas-reflexologue.fr\/index.php\/wp-json\/wp\/v2\/pages\/71\/revisions"}],"predecessor-version":[{"id":707,"href":"https:\/\/annelaurelebas-reflexologue.fr\/index.php\/wp-json\/wp\/v2\/pages\/71\/revisions\/707"}],"wp:attachment":[{"href":"https:\/\/annelaurelebas-reflexologue.fr\/index.php\/wp-json\/wp\/v2\/media?parent=71"}],"curies":[{"name":"wp","href":"https:\/\/api.w.org\/{rel}","templated":true}]}}